- 5*s**2 - s + 7. Let o be v(5). Let a(c) = 8*c - 1 - 2 + o + 0. Determine a(-1).
-9
Let y(b) = 3*b**2 + 5*b - 3. Let n(d) = 3*d**2 + 4*d - 2. Let m(o) = 6*n(o) - 5*y(o). Let x(s) be the first derivative of m(s). Determine x(1).
5
Let u(b) be the first derivative of b**4/4 + 5*b**3/3 + 2*b + 2. Let q(f) = f + 5. Let n be q(8). Let i = -18 + n. Calculate u(i).
2
Suppose y - 5*y = 0. Let z(c) = -c**2 + c + 4. Give z(y).
4
Let b(z) be the first derivative of z**3/3 + 3*z**2 + 9*z - 5. What is b(-6)?
9
Let m be 80/(-20) + (-2)/(-2). Let s(z) be the third derivative of 1/24*z**4 + 0 + z**2 + 0*z + 1/2*z**3. What is s(m)?
0
Let b be ((-6)/4)/((-2)/4). Let w(h) = -2*h - 3. Let m(l) = l**2 - l - 1. Let s(p) = m(p) + w(p). What is s(b)?
-4
Suppose 5*c + 5*f - 10 = 0, 5*c - 5 = 4*f + 5. Suppose -4*z - 7 + 23 = 0. Suppose -6 - z = -c*u. Let m(b) = -b**3 + 6*b**2 - 5*b + 4. Determine m(u).
4
Let i(k) be the first derivative of 3*k**2/2 + 3*k - 1. Let j = -9 - -5. Calculate i(j).
-9
Suppose -11 - 4 = -5*v. Let t(g) = g - 1. Let q(l) = 5*l - 3. Let u(o) = q(o) - 2*t(o). Determine u(v).
8
Suppose p = -19 + 1. Let f(g) = -21*g + 18. Let h(t) = t - 1. Let v(y) = p*h(y) - f(y). What is v(-3)?
-9
Let a(d) = -d**3 + 3*d**2 + 3. Let j = 2 + -11. Let b = j + 12. Calculate a(b).
3
Let d(o) be the second derivative of -o**5/20 + 5*o**4/6 - 5*o**3/3 + 9*o**2/2 - o. What is d(9)?
0
Suppose 4 = -m + 2*c + 3, -c = -1. Let y(a) be the third derivative of 2*a**2 + 1/6*a**3 + 0 + 0*a - 1/8*a**4. Determine y(m).
-2
Let x(z) = -z**2 - 2*z + 7. Let y(h) = -h**2 - 14*h + 10. Let t be y(-15). Give x(t).
-8
Let d(v) = 2*v - 2*v - 8*v. Let i be (-2)/(-10) - (-11)/(-5). Let o be 2 + 1 + i - 2. Determine d(o).
8
Let v(j) = 2*j + 6. Let w be v(-5). Let u(o) be the third derivative of -6*o**2 + 0 + 1/6*o**3 + 1/120*o**6 + 1/24*o**4 + 0*o + 1/15*o**5. Give u(w).
-3
Let l be 8/(-52) + 4/26. Let b(t) = -t - 6. Let s be b(-8). Let p(a) = 2 + 0*a**s - 3*a + a**2 + 4*a. Give p(l).
2
Let q(d) be the third derivative of -d**9/60480 + d**7/5040 + d**6/90 - d**5/20 + 3*d**2. Let f(b) be the third derivative of q(b). Calculate f(0).
8
Let r(s) = -3*s**2 - s. Suppose 0 = -7*w + 10*w + 3. Calculate r(w).
-2
Let h(n) = n**2 - n - 5. Let z be h(6). Suppose -8*w + 3*w = -z. Let l(q) be the first derivative of -q**3/3 + 5*q**2/2 - 6*q - 2. What is l(w)?
-6
Let a(q) be the first derivative of q**3/3 + 7*q**2/2 + q - 4. Let x be a(-6). Let v(f) = 2*f + 6. What is v(x)?
-4
Let a(b) = b**2 - 2*b - 1. Suppose i + t + 2 = -4, 0 = 2*i + 3*t + 14. Suppose 0 = -2*d + 3*q, -3*d + 0*d + 4*q - 2 = 0. Let y = d - i. Calculate a(y).
7
Let n(t) = -4*t**2 + 3*t - 3. Suppose 2 = -0*q - q - 2*k, 3*q + 3*k = 0. What is n(q)?
-13
Let g(x) = x + 1. Let f(j) = j + 4 + j**2 + 2 - 4*j. Let h(k) = -f(k) - 4*g(k). Calculate h(0).
-10
Let x(m) be the first derivative of m**5/60 + m**4/8 - m**3/3 - 2*m**2 - 1. Let y(i) be the second derivative of x(i). Determine y(-5).
8
Let w(u) be the third derivative of 1/24*u**4 + 0*u + 1/3*u**3 - 4*u**2 + 0. Let c = 11 - 7. Calculate w(c).
6
Let b(g) = -g**2 - 6*g + 4. Let x(w) = 2*w + 4. Let m be x(-5). Determine b(m).
4
Let g(t) = t**3 - 1. Let u(y) = -3*y**3 + y**2 - y + 2. Let k(f) = -4*g(f) - u(f). Suppose -n + 4 = -4. Suppose 7*l = 3*l + n. Determine k(l).
-8
Let h(j) = j**2 - 1. Let z = 4 + -4. Suppose z*v = 2*v - 4. What is h(v)?
3
Let d(w) = -w**2 - 6*w + 4. Let y = 121 - 124. Determine d(y).
13
Let y = 6 + -15. Let v(k) = k**2 + 10*k + 10. Let c be v(y). Let s(b) = -4*b - c + 5*b + 4*b - 3*b. Determine s(1).
1
Let b(a) = -4*a + a**2 + 17*a + a - 8*a. Determine b(-8).
16
Let h = -1 + 4. Let j(o) = -12*o**2 + 3*o - 8. Let q(l) = 4*l**2 - l + 3. Let g(f) = h*j(f) + 8*q(f). Suppose 0 - 4 = -4*s. Give g(s).
-3
Let i(p) = p**2 + 7*p - 6 + 6 + 4 + 2. Determine i(-5).
-4
Let g = 0 + 6. Let u(j) = -5 + 8*j**2 - 3 - g*j - j**3 + 7. Calculate u(7).
6
Let u be ((-14)/(-4))/((-1)/2). Let c(g) = g**3 + 8*g**2 + 10*g + 9. What is c(u)?
-12
Let i(j) = 4*j - 1. Let v = 36 - 38. Determine i(v).
-9
Let o(a) = -2*a - 9. Let z be o(-6). Let v(i) = 2*i**2 + z - i**3 - 6*i**2 + 5*i + 1. Determine v(-5).
4
Let q(i) = 4*i + 43. Let r be q(-13). Let f(j) = j**2 + 8*j - 3. What is f(r)?
6
Let u(z) = 4*z**2 - 4*z + 1. Let m(i) = 5*i**2 - 5*i + 1. Let w(p) = -2*m(p) + 3*u(p). Determine w(1).
1
Let b(s) be the second derivative of -s**4/24 + 7*s**3/6 - s**2/2 - 5*s. Let i(z) be the first derivative of b(z). Let m = -5 - -10. Give i(m).
2
Let t(i) = -4*i**2 - 3*i. Let l(j) = 21*j**2 + 14*j. Let y(q) = 3*l(q) + 14*t(q). Let h(v) = 3*v**2. Let b(m) = 9*h(m) - 4*y(m). Determine b(-3).
-9
Let x(l) be the second derivative of -l**7/840 - l**6/360 + l**5/120 + l**3/3 - 2*l. Let a(u) be the second derivative of x(u). Determine a(-2).
2
Let h(l) = -l + 5. Let d be h(5). Let i = d - -10. Let u = 5 - i. Let s(x) = -x + 3. Determine s(u).
8
Let p(t) = -16 + 11 + 6 + 9 + t. Calculate p(-7).
3
Let z(p) = 2*p + 7. Let y = -34 - -28. Calculate z(y).
-5
Let z(j) = j. Let g be (-2)/7 + (-15)/21. Let q be (4 + g)/(-3) - 4. Calculate z(q).
-5
Suppose 2*n = -0*z - 4*z + 18, n = -4*z + 17. Let o(v) = -23*v**3 + 7*v**2. Let w(f) = 15*f**3 - 5*f**2. Let q(g) = 5*o(g) + 7*w(g). Calculate q(n).
-10
Let h = 8 - 10. Let u(r) = 5*r**2 - 21*r**3 + 0*r + 2*r + 1 + 22*r**3. What is u(h)?
9
Suppose -2*s + 5 = -j + 4*j, -j + s + 10 = 0. Let l(m) = -3*m - 5*m + j*m - 9. What is l(-6)?
9
Let z(f) = -2*f**2 + 3*f. Suppose 0 = -5*b + 4 + 6. Let p be z(b). Let r(t) = 5*t - 5 - 3*t + 0 + 4. Give r(p).
-5
Let j(n) = -n**3 + 2*n**2 + 3*n - 2. Let d = 4 + -2. Let g = d - 0. Give j(g).
4
Let r(t) = 3 + 1 + 5*t**2 - 5 - 2*t. Let f(s) be the third derivative of s**4/24 + s**3/3 + s**2. Let h be f(-3). Give r(h).
6
Let u(m) = -m**3 - 4*m**2 - m - 4. Let x(z) = -z - 1. Let q be x(-2). Let p be -7 + ((-2)/(-2) - q). Let i = p + 3. Determine u(i).
0
Let f(r) = -r**2 + 3*r - 3. Let n be (-9 - -17)*(-1)/(-2). Calculate f(n).
-7
Let u(x) = 2*x**3 + 10*x**2 - x + 1. Let w(j) = -j**3 - 5*j**2 + j. Let b(r) = 6*u(r) + 11*w(r). Let h = 16 + -20. Calculate b(h).
2
Let p(f) = -4*f**2 + f**2 - 8*f - 5 + 2*f**2. Let l be p(-7). Suppose -4*c + 2*z = 6, 1 = -4*c - l*z + 15. Let n(r) = 2*r**2 - r. Calculate n(c).
1
Let x be (-2)/(-3) - (-3)/(-9)*2. Let m(v) = v**3 + v**2 + 1. Determine m(x).
1
Let r = 9 + -5. Let y(n) be the first derivative of 4 - 3/2*n**2 + 6*n. What is y(r)?
-6
Let o(f) = -f + 1 - 10*f + 2 + 12*f. What is o(-4)?
-1
Let w(l) = -11*l**3 - l - 1. Let k = -99 + 98. Determine w(k).
11
Let q(j) = j**2 + 4*j - 1. Let b be (1 - 0/(-2))*-5. Calculate q(b).
4
Let c(p) be the first derivative of -p**4 - p**3/3 - 5*p**2/2 + 5*p - 3. Let f(i) = 3*i**3 + 5*i - 5. Let y(h) = -4*c(h) - 5*f(h). Determine y(-5).
5
Let q(n) = n - 1. Let s(h) = h + 3. Let u(t) = -q(t) - s(t). Calculate u(2).
-6
Suppose 0 = 3*o + o - 16. Let s(k) = k**3 - 5*k**2 + 3*k + 5. What is s(o)?
1
Let o(d) = -2*d + 4. Let m be o(3). Let t be -2 + (m + -2)/(-2). Let j(y) = 1 - 5 - y**3 - 3*y + t + 5*y**2. Determine j(4).
0
Let r(k) = -13 + 2*k + 10 + 0*k. Calculate r(2).
1
Let d be 1/(-3) - (-26)/6. Suppose -w + 20 = d*w. Let v(c) be the first derivative of -c**3/3 + c**2 + c - 1. Calculate v(w).
-7
Let z(c) = -5*c**3 - 2*c**2 - 6*c - 5. Let m(x) = -4*x**3 - x**2 - 6*x - 5. Let i(f) = -6*m(f) + 5*z(f). Let h be (12/16 - 2)/(1/4). What is i(h)?
0
Let u(q) = -q**3 - 3*q**2 + 4. Let y be u(-3). Suppose h = y - 2. Let g(s) = 2*s**2 - 4*s**2 - 2*s + 6*s - 6 + 3*s**h. Give g(-5).
-1
Let r(p) = 3*p**2 + 2. Let j = -3 + 8. Let x = j - 3. Determine r(x).
14
Let d(h) = 2*h - 7. Let f(c) = -c + 1. Let r(k) = -d(k) - 3*f(k). Let o be 105/15*12/(-14). Determine r(o).
-2
Suppose 3*h = -t + 7, 4 = 3*t + 19. Suppose w - h = 0, -2*w + 2 = -3*x - 0*w. Let d(a) = -4*a + 3*a + 0*a**2 - 4*a**x. Calculate d(-1).
-3
Suppose -4 = -0*r - r. Let w(q) = -q + 3. Determine w(r).
-1
Suppose 5*z + 4*d + 25 = 0, -2*d + 4*d = 0. Let b(u) = -u - 1. What is b(z)?
4
Let j = -3 - -4. Let p(k) = -k - k + k + 0. Calculate p(j).
-1
Let w be (-8)/60 - 96/(-45). Let p(y) = -3*y**2 - w - 2*y**2 + 4*y**2. What is p(2)?
-6
Let n(j) = j**2 + 7*j. Let u be n(-6). Let d be (-2)/((1 + 2)/u). Let r(x) = -d*x + 3*x + 1 - x**2 + 2*x. What is r(3)